{"id":3115,"date":"2023-11-29T23:54:03","date_gmt":"2023-11-29T22:54:03","guid":{"rendered":"https:\/\/littlecity.ch\/shop\/?post_type=product&#038;p=3115"},"modified":"2023-12-13T23:51:11","modified_gmt":"2023-12-13T22:51:11","slug":"lille-sterling-silver-botswana-achat-steinarmband-hand-made","status":"publish","type":"product","link":"https:\/\/littlecity.ch\/shop\/product\/lille-sterling-silver-botswana-achat-steinarmband-hand-made\/","title":{"rendered":"Lille Sterling Silver &#038; Botswana Achat Steinarmband | Hand Made"},"content":{"rendered":"<p><strong>Material:<\/strong> 925er Sterling Silver &amp; Stein<\/p>\n<p><strong>Steine:<\/strong> Halbedelstein Botswana Achat<\/p>\n<p><strong>Verschluss:<\/strong> Das Armband ist auf ein elastisches Band aufgezogen<\/p>\n<p><strong>Gr\u00f6sse: <\/strong>Das Armband ist ideal f\u00fcr Handgelenke mit einem Umfang zwischen 14.5 cm \u2013 16 cm (eng anliegend gemessen). Individuelle Gr\u00f6ssen k\u00f6nnen bei Verf\u00fcgbarkeit des Materials auf Anfrage produziert werden (Mail an valeria@littlecity.ch mit Produktwunsch &amp; Umfang des Handgelenkes).<strong><br \/>\n<\/strong><\/p>\n<p><strong>Gr\u00f6sse Kugeln:<\/strong> 4 mm<\/p>\n<p><strong>Hinweis<\/strong>: Stein ist ein Naturprodukt und kann in Farbe, Form oder Struktur von der Abbildung abweichen. Daf\u00fcr ist jedes Produkt ein Unikat. Das elastische Band kann sich mit der Zeit etwas weiten, das ist ein ganz normaler Prozess.<\/p>\n<p>Das Produkt wird in einer h\u00fcbschen Schmuckverpackung aus weissem Stoff und schwarzem Band inkl. Silberputztuch geliefert.<\/p>\n<p><em>Kostenlose Lieferung innerhalb der Schweiz<\/em><\/p>\n","protected":false},"excerpt":{"rendered":"<p>Sterling Silver Armband mit Elementen aus dem Halbedelstein Botswana Achat.<\/p>\n<p><strong>Bedeutung Botswana-Achat:\u00a0<\/strong> Der Halbedelstein steht f\u00fcr <span class=\"ILfuVd rjOVwe\"><span class=\"hgKElc\">Zuversicht und Lebenskraft. Ausserdem soll er zu mehr Antrieb, Sicherheit sowie Standhaftigkeit verhelfen.<\/span><\/span><\/p>\n<p>LittleCITY Design. Das Produkt wird liebevoll von Hand in der Schweiz hergestellt.<\/p>\n","protected":false},"featured_media":3116,"comment_status":"open","ping_status":"closed","template":"","meta":[],"product_cat":[17,83,16],"product_tag":[20,23,70],"yoast_head":"<!-- This site is optimized with the Yoast SEO plugin v21.4 - https:\/\/yoast.com\/wordpress\/plugins\/seo\/ -->\n<title>Lille Sterling Silver &amp; Botswana Achat Steinarmband | Hand Made - LittleCITY Online Shop<\/title>\n<meta name=\"description\" content=\"Hochwertiges, handgemachtes Armband aus Mondstein und ros\u00e9gold elementen. Hergestellt in der Schweiz inkl. kostenloser Lieferung.\" \/>\n<meta name=\"robots\" content=\"index, follow, max-snippet:-1, max-image-preview:large, max-video-preview:-1\" \/>\n<link rel=\"canonical\" href=\"https:\/\/littlecity.ch\/shop\/product\/lille-sterling-silver-botswana-achat-steinarmband-hand-made\/\" \/>\n<meta property=\"og:locale\" content=\"de_DE\" \/>\n<meta property=\"og:type\" content=\"article\" \/>\n<meta property=\"og:title\" content=\"Lille Sterling Silver &amp; Botswana Achat Steinarmband | Hand Made - LittleCITY Online Shop\" \/>\n<meta property=\"og:description\" content=\"Hochwertiges, handgemachtes Armband aus Mondstein und ros\u00e9gold elementen. Hergestellt in der Schweiz inkl. kostenloser Lieferung.\" \/>\n<meta property=\"og:url\" content=\"https:\/\/littlecity.ch\/shop\/product\/lille-sterling-silver-botswana-achat-steinarmband-hand-made\/\" \/>\n<meta property=\"og:site_name\" content=\"LittleCITY Online Shop\" \/>\n<meta property=\"article:modified_time\" content=\"2023-12-13T22:51:11+00:00\" \/>\n<meta property=\"og:image\" content=\"https:\/\/littlecity.ch\/shop\/wp-content\/uploads\/2023\/11\/Sterling-Silber-und-Botswana-Achat-Armband-1.jpg\" \/>\n\t<meta property=\"og:image:width\" content=\"1920\" \/>\n\t<meta property=\"og:image:height\" content=\"1920\" \/>\n\t<meta property=\"og:image:type\" content=\"image\/jpeg\" \/>\n<meta name=\"twitter:card\" content=\"summary_large_image\" \/>\n<meta name=\"twitter:label1\" content=\"Gesch\u00e4tzte Lesezeit\" \/>\n\t<meta name=\"twitter:data1\" content=\"1\u00a0Minute\" \/>\n<script type=\"application\/ld+json\" class=\"yoast-schema-graph\">{\"@context\":\"https:\/\/schema.org\",\"@graph\":[{\"@type\":\"WebPage\",\"@id\":\"https:\/\/littlecity.ch\/shop\/product\/lille-sterling-silver-botswana-achat-steinarmband-hand-made\/\",\"url\":\"https:\/\/littlecity.ch\/shop\/product\/lille-sterling-silver-botswana-achat-steinarmband-hand-made\/\",\"name\":\"Lille Sterling Silver & Botswana Achat Steinarmband | Hand Made - LittleCITY Online Shop\",\"isPartOf\":{\"@id\":\"https:\/\/littlecity.ch\/shop\/#website\"},\"datePublished\":\"2023-11-29T22:54:03+00:00\",\"dateModified\":\"2023-12-13T22:51:11+00:00\",\"description\":\"Hochwertiges, handgemachtes Armband aus Mondstein und ros\u00e9gold elementen. Hergestellt in der Schweiz inkl. kostenloser Lieferung.\",\"breadcrumb\":{\"@id\":\"https:\/\/littlecity.ch\/shop\/product\/lille-sterling-silver-botswana-achat-steinarmband-hand-made\/#breadcrumb\"},\"inLanguage\":\"de\",\"potentialAction\":[{\"@type\":\"ReadAction\",\"target\":[\"https:\/\/littlecity.ch\/shop\/product\/lille-sterling-silver-botswana-achat-steinarmband-hand-made\/\"]}]},{\"@type\":\"BreadcrumbList\",\"@id\":\"https:\/\/littlecity.ch\/shop\/product\/lille-sterling-silver-botswana-achat-steinarmband-hand-made\/#breadcrumb\",\"itemListElement\":[{\"@type\":\"ListItem\",\"position\":1,\"name\":\"Startseite\",\"item\":\"https:\/\/littlecity.ch\/shop\/\"},{\"@type\":\"ListItem\",\"position\":2,\"name\":\"\u00dcbersicht\",\"item\":\"https:\/\/littlecity.ch\/shop\/uebersicht\/\"},{\"@type\":\"ListItem\",\"position\":3,\"name\":\"Lille Sterling Silver &#038; Botswana Achat Steinarmband | Hand Made\"}]},{\"@type\":\"WebSite\",\"@id\":\"https:\/\/littlecity.ch\/shop\/#website\",\"url\":\"https:\/\/littlecity.ch\/shop\/\",\"name\":\"LittleCITY Online Shop\",\"description\":\"Shop f\u00fcr Reise Schmuck und Schweizer Uhren\",\"potentialAction\":[{\"@type\":\"SearchAction\",\"target\":{\"@type\":\"EntryPoint\",\"urlTemplate\":\"https:\/\/littlecity.ch\/shop\/?s={search_term_string}\"},\"query-input\":\"required name=search_term_string\"}],\"inLanguage\":\"de\"}]}<\/script>\n<!-- \/ Yoast SEO plugin. -->","yoast_head_json":{"title":"Lille Sterling Silver & Botswana Achat Steinarmband | Hand Made - LittleCITY Online Shop","description":"Hochwertiges, handgemachtes Armband aus Mondstein und ros\u00e9gold elementen. Hergestellt in der Schweiz inkl. kostenloser Lieferung.","robots":{"index":"index","follow":"follow","max-snippet":"max-snippet:-1","max-image-preview":"max-image-preview:large","max-video-preview":"max-video-preview:-1"},"canonical":"https:\/\/littlecity.ch\/shop\/product\/lille-sterling-silver-botswana-achat-steinarmband-hand-made\/","og_locale":"de_DE","og_type":"article","og_title":"Lille Sterling Silver & Botswana Achat Steinarmband | Hand Made - LittleCITY Online Shop","og_description":"Hochwertiges, handgemachtes Armband aus Mondstein und ros\u00e9gold elementen. Hergestellt in der Schweiz inkl. kostenloser Lieferung.","og_url":"https:\/\/littlecity.ch\/shop\/product\/lille-sterling-silver-botswana-achat-steinarmband-hand-made\/","og_site_name":"LittleCITY Online Shop","article_modified_time":"2023-12-13T22:51:11+00:00","og_image":[{"width":1920,"height":1920,"url":"https:\/\/littlecity.ch\/shop\/wp-content\/uploads\/2023\/11\/Sterling-Silber-und-Botswana-Achat-Armband-1.jpg","type":"image\/jpeg"}],"twitter_card":"summary_large_image","twitter_misc":{"Gesch\u00e4tzte Lesezeit":"1\u00a0Minute"},"schema":{"@context":"https:\/\/schema.org","@graph":[{"@type":"WebPage","@id":"https:\/\/littlecity.ch\/shop\/product\/lille-sterling-silver-botswana-achat-steinarmband-hand-made\/","url":"https:\/\/littlecity.ch\/shop\/product\/lille-sterling-silver-botswana-achat-steinarmband-hand-made\/","name":"Lille Sterling Silver & Botswana Achat Steinarmband | Hand Made - LittleCITY Online Shop","isPartOf":{"@id":"https:\/\/littlecity.ch\/shop\/#website"},"datePublished":"2023-11-29T22:54:03+00:00","dateModified":"2023-12-13T22:51:11+00:00","description":"Hochwertiges, handgemachtes Armband aus Mondstein und ros\u00e9gold elementen. Hergestellt in der Schweiz inkl. kostenloser Lieferung.","breadcrumb":{"@id":"https:\/\/littlecity.ch\/shop\/product\/lille-sterling-silver-botswana-achat-steinarmband-hand-made\/#breadcrumb"},"inLanguage":"de","potentialAction":[{"@type":"ReadAction","target":["https:\/\/littlecity.ch\/shop\/product\/lille-sterling-silver-botswana-achat-steinarmband-hand-made\/"]}]},{"@type":"BreadcrumbList","@id":"https:\/\/littlecity.ch\/shop\/product\/lille-sterling-silver-botswana-achat-steinarmband-hand-made\/#breadcrumb","itemListElement":[{"@type":"ListItem","position":1,"name":"Startseite","item":"https:\/\/littlecity.ch\/shop\/"},{"@type":"ListItem","position":2,"name":"\u00dcbersicht","item":"https:\/\/littlecity.ch\/shop\/uebersicht\/"},{"@type":"ListItem","position":3,"name":"Lille Sterling Silver &#038; Botswana Achat Steinarmband | Hand Made"}]},{"@type":"WebSite","@id":"https:\/\/littlecity.ch\/shop\/#website","url":"https:\/\/littlecity.ch\/shop\/","name":"LittleCITY Online Shop","description":"Shop f\u00fcr Reise Schmuck und Schweizer Uhren","potentialAction":[{"@type":"SearchAction","target":{"@type":"EntryPoint","urlTemplate":"https:\/\/littlecity.ch\/shop\/?s={search_term_string}"},"query-input":"required name=search_term_string"}],"inLanguage":"de"}]}},"_links":{"self":[{"href":"https:\/\/littlecity.ch\/shop\/wp-json\/wp\/v2\/product\/3115"}],"collection":[{"href":"https:\/\/littlecity.ch\/shop\/wp-json\/wp\/v2\/product"}],"about":[{"href":"https:\/\/littlecity.ch\/shop\/wp-json\/wp\/v2\/types\/product"}],"replies":[{"embeddable":true,"href":"https:\/\/littlecity.ch\/shop\/wp-json\/wp\/v2\/comments?post=3115"}],"wp:featuredmedia":[{"embeddable":true,"href":"https:\/\/littlecity.ch\/shop\/wp-json\/wp\/v2\/media\/3116"}],"wp:attachment":[{"href":"https:\/\/littlecity.ch\/shop\/wp-json\/wp\/v2\/media?parent=3115"}],"wp:term":[{"taxonomy":"product_cat","embeddable":true,"href":"https:\/\/littlecity.ch\/shop\/wp-json\/wp\/v2\/product_cat?post=3115"},{"taxonomy":"product_tag","embeddable":true,"href":"https:\/\/littlecity.ch\/shop\/wp-json\/wp\/v2\/product_tag?post=3115"}],"curies":[{"name":"wp","href":"https:\/\/api.w.org\/{rel}","templated":true}]}}