{"id":2858,"date":"2021-07-20T21:26:07","date_gmt":"2021-07-20T20:26:07","guid":{"rendered":"https:\/\/littlecity.ch\/shop\/?post_type=product&#038;p=2858"},"modified":"2023-11-30T00:21:23","modified_gmt":"2023-11-29T23:21:23","slug":"star-base-stern-halskette-gold-swiss-design","status":"publish","type":"product","link":"https:\/\/littlecity.ch\/shop\/product\/star-base-stern-halskette-gold-swiss-design\/","title":{"rendered":"Star Base Stern Halskette Gold | Swiss Design"},"content":{"rendered":"<p><strong>Material:<\/strong> 925er Sterling Silber, gelbgold vergoldet (3 Micron)<\/p>\n<p><strong>L\u00e4nge: <\/strong>40 cm &amp; 3 cm Verl\u00e4ngerung<\/p>\n<p><strong>Verschluss:<\/strong> Karabiner<\/p>\n<p><strong>Hinweis<\/strong>: Unsere Schmuckst\u00fccke sind alle hochwertig vergoldet (mit 3 Micron Vergoldung deutlich \u00fcber dem Branchendurchschnitt). Vergoldeter Schmuck sollte zum Duschen und Baden aber immer ausgezogen werden. Je weniger das Schmuckst\u00fcck mit Parfum oder anderen Kosmetika in Kontakt ger\u00e4t, desto l\u00e4nger bleibt das Gold erhalten. Bitte nicht im Badezimmer aufbewahren.<\/p>\n<p>Das Produkt wird in einer h\u00fcbschen Schmuckverpackung aus weissem Stoff und schwarzem Band inkl. Silberputztuch geliefert.<\/p>\n<p><em>Kostenlose Lieferung innerhalb der Schweiz<\/em><\/p>\n","protected":false},"excerpt":{"rendered":"<p>Hochwertige, vergoldete Sternchen Coin Halskette mit vier kleinen Stern-Anh\u00e4ngern. Auch ideal f\u00fcr den Layering-Look in Kombination mit weiteren Halsketten.<\/p>\n<p><em>Swiss Design by LittleCITY, hergestellt in Italien<\/em><\/p>\n","protected":false},"featured_media":2861,"comment_status":"open","ping_status":"closed","template":"","meta":[],"product_cat":[83,27,16],"product_tag":[97,99,85,28,98,90,91],"yoast_head":"<!-- This site is optimized with the Yoast SEO plugin v21.4 - https:\/\/yoast.com\/wordpress\/plugins\/seo\/ -->\n<title>Sternchen Anh\u00e4nger Coin Halskette - Gold | Swiss Design<\/title>\n<meta name=\"description\" content=\"Wundersch\u00f6ne vergoldete Helskette auf 925er Sterling Silver mit vier kleinen Stern-Anh\u00e4nger. Designt in der Schweiz. Jetzt entdecken!\" \/>\n<meta name=\"robots\" content=\"index, follow, max-snippet:-1, max-image-preview:large, max-video-preview:-1\" \/>\n<link rel=\"canonical\" href=\"https:\/\/littlecity.ch\/shop\/product\/star-base-stern-halskette-gold-swiss-design\/\" \/>\n<meta property=\"og:locale\" content=\"de_DE\" \/>\n<meta property=\"og:type\" content=\"article\" \/>\n<meta property=\"og:title\" content=\"Sternchen Anh\u00e4nger Coin Halskette - Gold | Swiss Design\" \/>\n<meta property=\"og:description\" content=\"Wundersch\u00f6ne vergoldete Helskette auf 925er Sterling Silver mit vier kleinen Stern-Anh\u00e4nger. Designt in der Schweiz. Jetzt entdecken!\" \/>\n<meta property=\"og:url\" content=\"https:\/\/littlecity.ch\/shop\/product\/star-base-stern-halskette-gold-swiss-design\/\" \/>\n<meta property=\"og:site_name\" content=\"LittleCITY Online Shop\" \/>\n<meta property=\"article:modified_time\" content=\"2023-11-29T23:21:23+00:00\" \/>\n<meta property=\"og:image\" content=\"https:\/\/littlecity.ch\/shop\/wp-content\/uploads\/2021\/07\/Sternen-Coin-Halskette-Star-Base-Gold-3.jpg\" \/>\n\t<meta property=\"og:image:width\" content=\"1920\" \/>\n\t<meta property=\"og:image:height\" content=\"1920\" \/>\n\t<meta property=\"og:image:type\" content=\"image\/jpeg\" \/>\n<meta name=\"twitter:card\" content=\"summary_large_image\" \/>\n<meta name=\"twitter:label1\" content=\"Gesch\u00e4tzte Lesezeit\" \/>\n\t<meta name=\"twitter:data1\" content=\"1\u00a0Minute\" \/>\n<script type=\"application\/ld+json\" class=\"yoast-schema-graph\">{\"@context\":\"https:\/\/schema.org\",\"@graph\":[{\"@type\":\"WebPage\",\"@id\":\"https:\/\/littlecity.ch\/shop\/product\/star-base-stern-halskette-gold-swiss-design\/\",\"url\":\"https:\/\/littlecity.ch\/shop\/product\/star-base-stern-halskette-gold-swiss-design\/\",\"name\":\"Sternchen Anh\u00e4nger Coin Halskette - Gold | Swiss Design\",\"isPartOf\":{\"@id\":\"https:\/\/littlecity.ch\/shop\/#website\"},\"datePublished\":\"2021-07-20T20:26:07+00:00\",\"dateModified\":\"2023-11-29T23:21:23+00:00\",\"description\":\"Wundersch\u00f6ne vergoldete Helskette auf 925er Sterling Silver mit vier kleinen Stern-Anh\u00e4nger. Designt in der Schweiz. Jetzt entdecken!\",\"breadcrumb\":{\"@id\":\"https:\/\/littlecity.ch\/shop\/product\/star-base-stern-halskette-gold-swiss-design\/#breadcrumb\"},\"inLanguage\":\"de\",\"potentialAction\":[{\"@type\":\"ReadAction\",\"target\":[\"https:\/\/littlecity.ch\/shop\/product\/star-base-stern-halskette-gold-swiss-design\/\"]}]},{\"@type\":\"BreadcrumbList\",\"@id\":\"https:\/\/littlecity.ch\/shop\/product\/star-base-stern-halskette-gold-swiss-design\/#breadcrumb\",\"itemListElement\":[{\"@type\":\"ListItem\",\"position\":1,\"name\":\"Startseite\",\"item\":\"https:\/\/littlecity.ch\/shop\/\"},{\"@type\":\"ListItem\",\"position\":2,\"name\":\"\u00dcbersicht\",\"item\":\"https:\/\/littlecity.ch\/shop\/uebersicht\/\"},{\"@type\":\"ListItem\",\"position\":3,\"name\":\"Star Base Stern Halskette Gold | Swiss Design\"}]},{\"@type\":\"WebSite\",\"@id\":\"https:\/\/littlecity.ch\/shop\/#website\",\"url\":\"https:\/\/littlecity.ch\/shop\/\",\"name\":\"LittleCITY Online Shop\",\"description\":\"Shop f\u00fcr Reise Schmuck und Schweizer Uhren\",\"potentialAction\":[{\"@type\":\"SearchAction\",\"target\":{\"@type\":\"EntryPoint\",\"urlTemplate\":\"https:\/\/littlecity.ch\/shop\/?s={search_term_string}\"},\"query-input\":\"required name=search_term_string\"}],\"inLanguage\":\"de\"}]}<\/script>\n<!-- \/ Yoast SEO plugin. -->","yoast_head_json":{"title":"Sternchen Anh\u00e4nger Coin Halskette - Gold | Swiss Design","description":"Wundersch\u00f6ne vergoldete Helskette auf 925er Sterling Silver mit vier kleinen Stern-Anh\u00e4nger. Designt in der Schweiz. Jetzt entdecken!","robots":{"index":"index","follow":"follow","max-snippet":"max-snippet:-1","max-image-preview":"max-image-preview:large","max-video-preview":"max-video-preview:-1"},"canonical":"https:\/\/littlecity.ch\/shop\/product\/star-base-stern-halskette-gold-swiss-design\/","og_locale":"de_DE","og_type":"article","og_title":"Sternchen Anh\u00e4nger Coin Halskette - Gold | Swiss Design","og_description":"Wundersch\u00f6ne vergoldete Helskette auf 925er Sterling Silver mit vier kleinen Stern-Anh\u00e4nger. Designt in der Schweiz. Jetzt entdecken!","og_url":"https:\/\/littlecity.ch\/shop\/product\/star-base-stern-halskette-gold-swiss-design\/","og_site_name":"LittleCITY Online Shop","article_modified_time":"2023-11-29T23:21:23+00:00","og_image":[{"width":1920,"height":1920,"url":"https:\/\/littlecity.ch\/shop\/wp-content\/uploads\/2021\/07\/Sternen-Coin-Halskette-Star-Base-Gold-3.jpg","type":"image\/jpeg"}],"twitter_card":"summary_large_image","twitter_misc":{"Gesch\u00e4tzte Lesezeit":"1\u00a0Minute"},"schema":{"@context":"https:\/\/schema.org","@graph":[{"@type":"WebPage","@id":"https:\/\/littlecity.ch\/shop\/product\/star-base-stern-halskette-gold-swiss-design\/","url":"https:\/\/littlecity.ch\/shop\/product\/star-base-stern-halskette-gold-swiss-design\/","name":"Sternchen Anh\u00e4nger Coin Halskette - Gold | Swiss Design","isPartOf":{"@id":"https:\/\/littlecity.ch\/shop\/#website"},"datePublished":"2021-07-20T20:26:07+00:00","dateModified":"2023-11-29T23:21:23+00:00","description":"Wundersch\u00f6ne vergoldete Helskette auf 925er Sterling Silver mit vier kleinen Stern-Anh\u00e4nger. Designt in der Schweiz. Jetzt entdecken!","breadcrumb":{"@id":"https:\/\/littlecity.ch\/shop\/product\/star-base-stern-halskette-gold-swiss-design\/#breadcrumb"},"inLanguage":"de","potentialAction":[{"@type":"ReadAction","target":["https:\/\/littlecity.ch\/shop\/product\/star-base-stern-halskette-gold-swiss-design\/"]}]},{"@type":"BreadcrumbList","@id":"https:\/\/littlecity.ch\/shop\/product\/star-base-stern-halskette-gold-swiss-design\/#breadcrumb","itemListElement":[{"@type":"ListItem","position":1,"name":"Startseite","item":"https:\/\/littlecity.ch\/shop\/"},{"@type":"ListItem","position":2,"name":"\u00dcbersicht","item":"https:\/\/littlecity.ch\/shop\/uebersicht\/"},{"@type":"ListItem","position":3,"name":"Star Base Stern Halskette Gold | Swiss Design"}]},{"@type":"WebSite","@id":"https:\/\/littlecity.ch\/shop\/#website","url":"https:\/\/littlecity.ch\/shop\/","name":"LittleCITY Online Shop","description":"Shop f\u00fcr Reise Schmuck und Schweizer Uhren","potentialAction":[{"@type":"SearchAction","target":{"@type":"EntryPoint","urlTemplate":"https:\/\/littlecity.ch\/shop\/?s={search_term_string}"},"query-input":"required name=search_term_string"}],"inLanguage":"de"}]}},"_links":{"self":[{"href":"https:\/\/littlecity.ch\/shop\/wp-json\/wp\/v2\/product\/2858"}],"collection":[{"href":"https:\/\/littlecity.ch\/shop\/wp-json\/wp\/v2\/product"}],"about":[{"href":"https:\/\/littlecity.ch\/shop\/wp-json\/wp\/v2\/types\/product"}],"replies":[{"embeddable":true,"href":"https:\/\/littlecity.ch\/shop\/wp-json\/wp\/v2\/comments?post=2858"}],"wp:featuredmedia":[{"embeddable":true,"href":"https:\/\/littlecity.ch\/shop\/wp-json\/wp\/v2\/media\/2861"}],"wp:attachment":[{"href":"https:\/\/littlecity.ch\/shop\/wp-json\/wp\/v2\/media?parent=2858"}],"wp:term":[{"taxonomy":"product_cat","embeddable":true,"href":"https:\/\/littlecity.ch\/shop\/wp-json\/wp\/v2\/product_cat?post=2858"},{"taxonomy":"product_tag","embeddable":true,"href":"https:\/\/littlecity.ch\/shop\/wp-json\/wp\/v2\/product_tag?post=2858"}],"curies":[{"name":"wp","href":"https:\/\/api.w.org\/{rel}","templated":true}]}}