{"id":15,"date":"2018-12-13T17:55:21","date_gmt":"2018-12-13T16:55:21","guid":{"rendered":"https:\/\/littlecity.ch\/shop\/product\/import-placeholder-for-49488\/"},"modified":"2022-11-13T15:47:56","modified_gmt":"2022-11-13T14:47:56","slug":"arm-halskette-tuerkis-stein-handgemacht","status":"publish","type":"product","link":"https:\/\/littlecity.ch\/shop\/product\/arm-halskette-tuerkis-stein-handgemacht\/","title":{"rendered":"San Blas T\u00fcrkisstein Arm- &amp; Halskette | Hand Made"},"content":{"rendered":"<p><strong>Material:<\/strong> 925er Sterling Silver<\/p>\n<p><strong>Steine:<\/strong> Halbedelstein T\u00fcrkis<\/p>\n<p><strong>Verschluss:<\/strong> Keiner, das Armband ist auf ein elastisches Band aufgezogen<\/p>\n<p><strong>Hinweis<\/strong>: Stein ist ein Naturprodukt und kann in Farbe, Form oder Struktur von der Abbildung abweichen. Jedes Produkt ist ein Unikat.<\/p>\n<p>Das Produkt wird in einer h\u00fcbschen Schmuckverpackung aus weissem Stoff und schwarzem Band inkl. Silberputztuch geliefert.<\/p>\n","protected":false},"excerpt":{"rendered":"<p>Arm-\/Halskette mit Flugzeug Anh\u00e4nger aus hochwertigem 925er Sterling Silver und T\u00fcrkis Stein. Die Kette besteht aus einem St\u00fcck und kann sowohl als Arm- (dreifach) als auch als Halskette getragen werden.<\/p>\n<p>Wir verwenden hochwertigen T\u00fcrkis Stein f\u00fcr unsere Produkte. T\u00fcrkis ist ein Halbedelstein, welcher auf Reisen vor Gefahren sch\u00fctzt.<\/p>\n<p>Das Armband wurde von LittleCITY designt und von unserer Freundin Nadine liebevoll in der Schweiz hergestellt.<\/p>\n","protected":false},"featured_media":2021,"comment_status":"open","ping_status":"closed","template":"","meta":[],"product_cat":[17,83,27,16],"product_tag":[20,22,23,70,26,69],"yoast_head":"<!-- This site is optimized with the Yoast SEO plugin v21.4 - https:\/\/yoast.com\/wordpress\/plugins\/seo\/ -->\n<title>San Blas T\u00fcrkisstein Arm- &amp; Halskette | Hand Made - LittleCITY Online Shop<\/title>\n<meta name=\"description\" content=\"Hochwertige, handgemachte Swiss Made Arm- und Halskette mit naturbelassenem T\u00fcrkis Stein, 925er Sterling Silber &amp; Flugzeug Anh\u00e4nger. Jetzt entdecken!\" \/>\n<meta name=\"robots\" content=\"index, follow, max-snippet:-1, max-image-preview:large, max-video-preview:-1\" \/>\n<link rel=\"canonical\" href=\"https:\/\/littlecity.ch\/shop\/product\/arm-halskette-tuerkis-stein-handgemacht\/\" \/>\n<meta property=\"og:locale\" content=\"de_DE\" \/>\n<meta property=\"og:type\" content=\"article\" \/>\n<meta property=\"og:title\" content=\"San Blas T\u00fcrkisstein Arm- &amp; Halskette | Hand Made - LittleCITY Online Shop\" \/>\n<meta property=\"og:description\" content=\"Hochwertige, handgemachte Swiss Made Arm- und Halskette mit naturbelassenem T\u00fcrkis Stein, 925er Sterling Silber &amp; Flugzeug Anh\u00e4nger. Jetzt entdecken!\" \/>\n<meta property=\"og:url\" content=\"https:\/\/littlecity.ch\/shop\/product\/arm-halskette-tuerkis-stein-handgemacht\/\" \/>\n<meta property=\"og:site_name\" content=\"LittleCITY Online Shop\" \/>\n<meta property=\"article:modified_time\" content=\"2022-11-13T14:47:56+00:00\" \/>\n<meta property=\"og:image\" content=\"https:\/\/littlecity.ch\/shop\/wp-content\/uploads\/2018\/12\/San-Blas-Armband-LittleCITY-Collection-T\u00fcrkisstein.jpg\" \/>\n\t<meta property=\"og:image:width\" content=\"1920\" \/>\n\t<meta property=\"og:image:height\" content=\"1920\" \/>\n\t<meta property=\"og:image:type\" content=\"image\/jpeg\" \/>\n<meta name=\"twitter:card\" content=\"summary_large_image\" \/>\n<script type=\"application\/ld+json\" class=\"yoast-schema-graph\">{\"@context\":\"https:\/\/schema.org\",\"@graph\":[{\"@type\":\"WebPage\",\"@id\":\"https:\/\/littlecity.ch\/shop\/product\/arm-halskette-tuerkis-stein-handgemacht\/\",\"url\":\"https:\/\/littlecity.ch\/shop\/product\/arm-halskette-tuerkis-stein-handgemacht\/\",\"name\":\"San Blas T\u00fcrkisstein Arm- &amp; Halskette | Hand Made - LittleCITY Online Shop\",\"isPartOf\":{\"@id\":\"https:\/\/littlecity.ch\/shop\/#website\"},\"datePublished\":\"2018-12-13T16:55:21+00:00\",\"dateModified\":\"2022-11-13T14:47:56+00:00\",\"description\":\"Hochwertige, handgemachte Swiss Made Arm- und Halskette mit naturbelassenem T\u00fcrkis Stein, 925er Sterling Silber & Flugzeug Anh\u00e4nger. Jetzt entdecken!\",\"breadcrumb\":{\"@id\":\"https:\/\/littlecity.ch\/shop\/product\/arm-halskette-tuerkis-stein-handgemacht\/#breadcrumb\"},\"inLanguage\":\"de\",\"potentialAction\":[{\"@type\":\"ReadAction\",\"target\":[\"https:\/\/littlecity.ch\/shop\/product\/arm-halskette-tuerkis-stein-handgemacht\/\"]}]},{\"@type\":\"BreadcrumbList\",\"@id\":\"https:\/\/littlecity.ch\/shop\/product\/arm-halskette-tuerkis-stein-handgemacht\/#breadcrumb\",\"itemListElement\":[{\"@type\":\"ListItem\",\"position\":1,\"name\":\"Startseite\",\"item\":\"https:\/\/littlecity.ch\/shop\/\"},{\"@type\":\"ListItem\",\"position\":2,\"name\":\"\u00dcbersicht\",\"item\":\"https:\/\/littlecity.ch\/shop\/uebersicht\/\"},{\"@type\":\"ListItem\",\"position\":3,\"name\":\"San Blas T\u00fcrkisstein Arm- &amp; Halskette | Hand Made\"}]},{\"@type\":\"WebSite\",\"@id\":\"https:\/\/littlecity.ch\/shop\/#website\",\"url\":\"https:\/\/littlecity.ch\/shop\/\",\"name\":\"LittleCITY Online Shop\",\"description\":\"Shop f\u00fcr Reise Schmuck und Schweizer Uhren\",\"potentialAction\":[{\"@type\":\"SearchAction\",\"target\":{\"@type\":\"EntryPoint\",\"urlTemplate\":\"https:\/\/littlecity.ch\/shop\/?s={search_term_string}\"},\"query-input\":\"required name=search_term_string\"}],\"inLanguage\":\"de\"}]}<\/script>\n<!-- \/ Yoast SEO plugin. -->","yoast_head_json":{"title":"San Blas T\u00fcrkisstein Arm- &amp; Halskette | Hand Made - LittleCITY Online Shop","description":"Hochwertige, handgemachte Swiss Made Arm- und Halskette mit naturbelassenem T\u00fcrkis Stein, 925er Sterling Silber & Flugzeug Anh\u00e4nger. Jetzt entdecken!","robots":{"index":"index","follow":"follow","max-snippet":"max-snippet:-1","max-image-preview":"max-image-preview:large","max-video-preview":"max-video-preview:-1"},"canonical":"https:\/\/littlecity.ch\/shop\/product\/arm-halskette-tuerkis-stein-handgemacht\/","og_locale":"de_DE","og_type":"article","og_title":"San Blas T\u00fcrkisstein Arm- &amp; Halskette | Hand Made - LittleCITY Online Shop","og_description":"Hochwertige, handgemachte Swiss Made Arm- und Halskette mit naturbelassenem T\u00fcrkis Stein, 925er Sterling Silber & Flugzeug Anh\u00e4nger. Jetzt entdecken!","og_url":"https:\/\/littlecity.ch\/shop\/product\/arm-halskette-tuerkis-stein-handgemacht\/","og_site_name":"LittleCITY Online Shop","article_modified_time":"2022-11-13T14:47:56+00:00","og_image":[{"width":1920,"height":1920,"url":"https:\/\/littlecity.ch\/shop\/wp-content\/uploads\/2018\/12\/San-Blas-Armband-LittleCITY-Collection-T\u00fcrkisstein.jpg","type":"image\/jpeg"}],"twitter_card":"summary_large_image","schema":{"@context":"https:\/\/schema.org","@graph":[{"@type":"WebPage","@id":"https:\/\/littlecity.ch\/shop\/product\/arm-halskette-tuerkis-stein-handgemacht\/","url":"https:\/\/littlecity.ch\/shop\/product\/arm-halskette-tuerkis-stein-handgemacht\/","name":"San Blas T\u00fcrkisstein Arm- &amp; Halskette | Hand Made - LittleCITY Online Shop","isPartOf":{"@id":"https:\/\/littlecity.ch\/shop\/#website"},"datePublished":"2018-12-13T16:55:21+00:00","dateModified":"2022-11-13T14:47:56+00:00","description":"Hochwertige, handgemachte Swiss Made Arm- und Halskette mit naturbelassenem T\u00fcrkis Stein, 925er Sterling Silber & Flugzeug Anh\u00e4nger. Jetzt entdecken!","breadcrumb":{"@id":"https:\/\/littlecity.ch\/shop\/product\/arm-halskette-tuerkis-stein-handgemacht\/#breadcrumb"},"inLanguage":"de","potentialAction":[{"@type":"ReadAction","target":["https:\/\/littlecity.ch\/shop\/product\/arm-halskette-tuerkis-stein-handgemacht\/"]}]},{"@type":"BreadcrumbList","@id":"https:\/\/littlecity.ch\/shop\/product\/arm-halskette-tuerkis-stein-handgemacht\/#breadcrumb","itemListElement":[{"@type":"ListItem","position":1,"name":"Startseite","item":"https:\/\/littlecity.ch\/shop\/"},{"@type":"ListItem","position":2,"name":"\u00dcbersicht","item":"https:\/\/littlecity.ch\/shop\/uebersicht\/"},{"@type":"ListItem","position":3,"name":"San Blas T\u00fcrkisstein Arm- &amp; Halskette | Hand Made"}]},{"@type":"WebSite","@id":"https:\/\/littlecity.ch\/shop\/#website","url":"https:\/\/littlecity.ch\/shop\/","name":"LittleCITY Online Shop","description":"Shop f\u00fcr Reise Schmuck und Schweizer Uhren","potentialAction":[{"@type":"SearchAction","target":{"@type":"EntryPoint","urlTemplate":"https:\/\/littlecity.ch\/shop\/?s={search_term_string}"},"query-input":"required name=search_term_string"}],"inLanguage":"de"}]}},"_links":{"self":[{"href":"https:\/\/littlecity.ch\/shop\/wp-json\/wp\/v2\/product\/15"}],"collection":[{"href":"https:\/\/littlecity.ch\/shop\/wp-json\/wp\/v2\/product"}],"about":[{"href":"https:\/\/littlecity.ch\/shop\/wp-json\/wp\/v2\/types\/product"}],"replies":[{"embeddable":true,"href":"https:\/\/littlecity.ch\/shop\/wp-json\/wp\/v2\/comments?post=15"}],"wp:featuredmedia":[{"embeddable":true,"href":"https:\/\/littlecity.ch\/shop\/wp-json\/wp\/v2\/media\/2021"}],"wp:attachment":[{"href":"https:\/\/littlecity.ch\/shop\/wp-json\/wp\/v2\/media?parent=15"}],"wp:term":[{"taxonomy":"product_cat","embeddable":true,"href":"https:\/\/littlecity.ch\/shop\/wp-json\/wp\/v2\/product_cat?post=15"},{"taxonomy":"product_tag","embeddable":true,"href":"https:\/\/littlecity.ch\/shop\/wp-json\/wp\/v2\/product_tag?post=15"}],"curies":[{"name":"wp","href":"https:\/\/api.w.org\/{rel}","templated":true}]}}