{"id":1856,"date":"2018-12-17T02:50:29","date_gmt":"2018-12-17T01:50:29","guid":{"rendered":"https:\/\/littlecity.ch\/shop\/?page_id=1856"},"modified":"2019-04-13T06:28:47","modified_gmt":"2019-04-13T05:28:47","slug":"rueckgaberichtlinien","status":"publish","type":"page","link":"https:\/\/littlecity.ch\/shop\/rueckgaberichtlinien\/","title":{"rendered":"R\u00dcCKGABERICHTLINIEN"},"content":{"rendered":"<p><strong>Du hast ein R\u00fcckgaberecht von 30 Tagen nach Erhalt der deiner gekauften Produkte<\/strong>, welche du direkt von unserer Webseite LittleCITY.ch\/shop erworben hast.<\/p>\n<p>Das\/Die Produkt\/e muss\/m\u00fcssen unbenutzt sein, in der Originalverpackung und mit intakten Etiketten und Schutzaufklebern (Uhr vorne und hinten).\u00a0 Produkte k\u00f6nnen nur retourniert werden, wenn sie neu und im gleichen Zustand sind, wie sie empfangen wurde.<\/p>\n<p>Direkt von unserer Webseite gekaufte Produkte, m\u00fcssen f\u00fcr eine R\u00fcckgabe an unser Lager zur\u00fcckgeschickt werden. Bitte kontaktiere und vorab.<\/p>\n<p>Das Porto f\u00fcr den R\u00fcckversand wird vom Kunden \u00fcbernommen.<\/p>\n<p>LittleCITY \u00fcbernimmt keine Verantwortung f\u00fcr verlorene Artikel w\u00e4hrend der R\u00fccksendung.<\/p>\n<p><a href=\"https:\/\/littlecity.ch\/shop\/kontakt\/\">KONTAKTIERE UNS<\/a><\/p>\n","protected":false},"excerpt":{"rendered":"<p>Du hast ein R\u00fcckgaberecht von 30 Tagen nach Erhalt der deiner gekauften Produkte, welche du direkt von unserer Webseite LittleCITY.ch\/shop<\/p>\n","protected":false},"author":1,"featured_media":0,"parent":0,"menu_order":0,"comment_status":"closed","ping_status":"closed","template":"","meta":{"footnotes":""},"yoast_head":"<!-- This site is optimized with the Yoast SEO plugin v21.4 - https:\/\/yoast.com\/wordpress\/plugins\/seo\/ -->\n<title>R\u00dcCKGABERICHTLINIEN - LittleCITY Online Shop<\/title>\n<meta name=\"robots\" content=\"index, follow, max-snippet:-1, max-image-preview:large, max-video-preview:-1\" \/>\n<link rel=\"canonical\" href=\"https:\/\/littlecity.ch\/shop\/rueckgaberichtlinien\/\" \/>\n<meta property=\"og:locale\" content=\"de_DE\" \/>\n<meta property=\"og:type\" content=\"article\" \/>\n<meta property=\"og:title\" content=\"R\u00dcCKGABERICHTLINIEN - LittleCITY Online Shop\" \/>\n<meta property=\"og:description\" content=\"Du hast ein R\u00fcckgaberecht von 30 Tagen nach Erhalt der deiner gekauften Produkte, welche du direkt von unserer Webseite LittleCITY.ch\/shop\" \/>\n<meta property=\"og:url\" content=\"https:\/\/littlecity.ch\/shop\/rueckgaberichtlinien\/\" \/>\n<meta property=\"og:site_name\" content=\"LittleCITY Online Shop\" \/>\n<meta property=\"article:modified_time\" content=\"2019-04-13T05:28:47+00:00\" \/>\n<meta name=\"twitter:card\" content=\"summary_large_image\" \/>\n<meta name=\"twitter:label1\" content=\"Gesch\u00e4tzte Lesezeit\" \/>\n\t<meta name=\"twitter:data1\" content=\"1\u00a0Minute\" \/>\n<script type=\"application\/ld+json\" class=\"yoast-schema-graph\">{\"@context\":\"https:\/\/schema.org\",\"@graph\":[{\"@type\":\"WebPage\",\"@id\":\"https:\/\/littlecity.ch\/shop\/rueckgaberichtlinien\/\",\"url\":\"https:\/\/littlecity.ch\/shop\/rueckgaberichtlinien\/\",\"name\":\"R\u00dcCKGABERICHTLINIEN - LittleCITY Online Shop\",\"isPartOf\":{\"@id\":\"https:\/\/littlecity.ch\/shop\/#website\"},\"datePublished\":\"2018-12-17T01:50:29+00:00\",\"dateModified\":\"2019-04-13T05:28:47+00:00\",\"breadcrumb\":{\"@id\":\"https:\/\/littlecity.ch\/shop\/rueckgaberichtlinien\/#breadcrumb\"},\"inLanguage\":\"de\",\"potentialAction\":[{\"@type\":\"ReadAction\",\"target\":[\"https:\/\/littlecity.ch\/shop\/rueckgaberichtlinien\/\"]}]},{\"@type\":\"BreadcrumbList\",\"@id\":\"https:\/\/littlecity.ch\/shop\/rueckgaberichtlinien\/#breadcrumb\",\"itemListElement\":[{\"@type\":\"ListItem\",\"position\":1,\"name\":\"Startseite\",\"item\":\"https:\/\/littlecity.ch\/shop\/\"},{\"@type\":\"ListItem\",\"position\":2,\"name\":\"R\u00dcCKGABERICHTLINIEN\"}]},{\"@type\":\"WebSite\",\"@id\":\"https:\/\/littlecity.ch\/shop\/#website\",\"url\":\"https:\/\/littlecity.ch\/shop\/\",\"name\":\"LittleCITY Online Shop\",\"description\":\"Shop f\u00fcr Reise Schmuck und Schweizer Uhren\",\"potentialAction\":[{\"@type\":\"SearchAction\",\"target\":{\"@type\":\"EntryPoint\",\"urlTemplate\":\"https:\/\/littlecity.ch\/shop\/?s={search_term_string}\"},\"query-input\":\"required name=search_term_string\"}],\"inLanguage\":\"de\"}]}<\/script>\n<!-- \/ Yoast SEO plugin. -->","yoast_head_json":{"title":"R\u00dcCKGABERICHTLINIEN - LittleCITY Online Shop","robots":{"index":"index","follow":"follow","max-snippet":"max-snippet:-1","max-image-preview":"max-image-preview:large","max-video-preview":"max-video-preview:-1"},"canonical":"https:\/\/littlecity.ch\/shop\/rueckgaberichtlinien\/","og_locale":"de_DE","og_type":"article","og_title":"R\u00dcCKGABERICHTLINIEN - LittleCITY Online Shop","og_description":"Du hast ein R\u00fcckgaberecht von 30 Tagen nach Erhalt der deiner gekauften Produkte, welche du direkt von unserer Webseite LittleCITY.ch\/shop","og_url":"https:\/\/littlecity.ch\/shop\/rueckgaberichtlinien\/","og_site_name":"LittleCITY Online Shop","article_modified_time":"2019-04-13T05:28:47+00:00","twitter_card":"summary_large_image","twitter_misc":{"Gesch\u00e4tzte Lesezeit":"1\u00a0Minute"},"schema":{"@context":"https:\/\/schema.org","@graph":[{"@type":"WebPage","@id":"https:\/\/littlecity.ch\/shop\/rueckgaberichtlinien\/","url":"https:\/\/littlecity.ch\/shop\/rueckgaberichtlinien\/","name":"R\u00dcCKGABERICHTLINIEN - LittleCITY Online Shop","isPartOf":{"@id":"https:\/\/littlecity.ch\/shop\/#website"},"datePublished":"2018-12-17T01:50:29+00:00","dateModified":"2019-04-13T05:28:47+00:00","breadcrumb":{"@id":"https:\/\/littlecity.ch\/shop\/rueckgaberichtlinien\/#breadcrumb"},"inLanguage":"de","potentialAction":[{"@type":"ReadAction","target":["https:\/\/littlecity.ch\/shop\/rueckgaberichtlinien\/"]}]},{"@type":"BreadcrumbList","@id":"https:\/\/littlecity.ch\/shop\/rueckgaberichtlinien\/#breadcrumb","itemListElement":[{"@type":"ListItem","position":1,"name":"Startseite","item":"https:\/\/littlecity.ch\/shop\/"},{"@type":"ListItem","position":2,"name":"R\u00dcCKGABERICHTLINIEN"}]},{"@type":"WebSite","@id":"https:\/\/littlecity.ch\/shop\/#website","url":"https:\/\/littlecity.ch\/shop\/","name":"LittleCITY Online Shop","description":"Shop f\u00fcr Reise Schmuck und Schweizer Uhren","potentialAction":[{"@type":"SearchAction","target":{"@type":"EntryPoint","urlTemplate":"https:\/\/littlecity.ch\/shop\/?s={search_term_string}"},"query-input":"required name=search_term_string"}],"inLanguage":"de"}]}},"_links":{"self":[{"href":"https:\/\/littlecity.ch\/shop\/wp-json\/wp\/v2\/pages\/1856"}],"collection":[{"href":"https:\/\/littlecity.ch\/shop\/wp-json\/wp\/v2\/pages"}],"about":[{"href":"https:\/\/littlecity.ch\/shop\/wp-json\/wp\/v2\/types\/page"}],"author":[{"embeddable":true,"href":"https:\/\/littlecity.ch\/shop\/wp-json\/wp\/v2\/users\/1"}],"replies":[{"embeddable":true,"href":"https:\/\/littlecity.ch\/shop\/wp-json\/wp\/v2\/comments?post=1856"}],"version-history":[{"count":4,"href":"https:\/\/littlecity.ch\/shop\/wp-json\/wp\/v2\/pages\/1856\/revisions"}],"predecessor-version":[{"id":2056,"href":"https:\/\/littlecity.ch\/shop\/wp-json\/wp\/v2\/pages\/1856\/revisions\/2056"}],"wp:attachment":[{"href":"https:\/\/littlecity.ch\/shop\/wp-json\/wp\/v2\/media?parent=1856"}],"curies":[{"name":"wp","href":"https:\/\/api.w.org\/{rel}","templated":true}]}}